{"id":26,"date":"2021-10-06T08:58:53","date_gmt":"2021-10-06T07:58:53","guid":{"rendered":"https:\/\/greentechnologia.hu\/?page_id=26"},"modified":"2023-02-26T09:46:37","modified_gmt":"2023-02-26T08:46:37","slug":"tervezes-szaktanacsadas","status":"publish","type":"page","link":"https:\/\/greentechnologia.hu\/index.php\/tervezes-szaktanacsadas\/","title":{"rendered":"Tervez\u00e9s, szaktan\u00e1csad\u00e1s"},"content":{"rendered":"\n<ul>\n<li> m\u0171szaki fejleszt\u00e9s, m\u0171szaki tan\u00e1csad\u00e1s\n<li> m\u0171szaki kutat\u00e1sfejleszt\u00e9s\n<li> kutat\u00f3- elemz\u0151 tanulm\u00e1nyok k\u00e9sz\u00edt\u00e9se\n<li> v\u00edzi k\u00f6zm\u0171 projektekhez kapcsol\u00f3d\u00f3 komplex el\u0151k\u00e9sz\u00edt\u00e9si feladatok ell\u00e1t\u00e1sa\n<li> elvi \u00e9s l\u00e9tes\u00edt\u00e9si enged\u00e9lyez\u00e9si tervek, kiviteli terv dokument\u00e1ci\u00f3k\n<li> \u00f6kol\u00f3giai \u00e1llapot felm\u00e9r\u00e9sek\n<li> beruh\u00e1z\u00e1si k\u00f6lts\u00e9g becsl\u00e9sek\n<li> k\u00f6lts\u00e9ghat\u00e9konys\u00e1gi \u00e9s fenntarthat\u00f3s\u00e1gi vizsg\u00e1latok\n<li> megval\u00f3s\u00edthat\u00f3s\u00e1gi tanulm\u00e1nyok k\u00e9sz\u00edt\u00e9se\n<\/ul>\n\n\n\n<p><\/p>\n","protected":false},"excerpt":{"rendered":"<p>m\u0171szaki fejleszt\u00e9s, m\u0171szaki tan\u00e1csad\u00e1s m\u0171szaki kutat\u00e1sfejleszt\u00e9s kutat\u00f3- elemz\u0151 tanulm\u00e1nyok k\u00e9sz\u00edt\u00e9se v\u00edzi k\u00f6zm\u0171 projektekhez kapcsol\u00f3d\u00f3 komplex el\u0151k\u00e9sz\u00edt\u00e9si feladatok ell\u00e1t\u00e1sa elvi \u00e9s l\u00e9tes\u00edt\u00e9si enged\u00e9lyez\u00e9si tervek, kiviteli terv dokument\u00e1ci\u00f3k \u00f6kol\u00f3giai \u00e1llapot felm\u00e9r\u00e9sek beruh\u00e1z\u00e1si&hellip;<a href=\"https:\/\/greentechnologia.hu\/index.php\/tervezes-szaktanacsadas\/\" class=\"more-link\"><span class=\"more-button\">Continue reading<span class=\"screen-reader-text\">Tervez\u00e9s, szaktan\u00e1csad\u00e1s<\/span><\/span><\/a><\/p>\n","protected":false},"author":1,"featured_media":0,"parent":0,"menu_order":0,"comment_status":"closed","ping_status":"closed","template":"","meta":{"footnotes":""},"class_list":["post-26","page","type-page","status-publish","hentry"],"_links":{"self":[{"href":"https:\/\/greentechnologia.hu\/index.php\/wp-json\/wp\/v2\/pages\/26","targetHints":{"allow":["GET"]}}],"collection":[{"href":"https:\/\/greentechnologia.hu\/index.php\/wp-json\/wp\/v2\/pages"}],"about":[{"href":"https:\/\/greentechnologia.hu\/index.php\/wp-json\/wp\/v2\/types\/page"}],"author":[{"embeddable":true,"href":"https:\/\/greentechnologia.hu\/index.php\/wp-json\/wp\/v2\/users\/1"}],"replies":[{"embeddable":true,"href":"https:\/\/greentechnologia.hu\/index.php\/wp-json\/wp\/v2\/comments?post=26"}],"version-history":[{"count":3,"href":"https:\/\/greentechnologia.hu\/index.php\/wp-json\/wp\/v2\/pages\/26\/revisions"}],"predecessor-version":[{"id":278,"href":"https:\/\/greentechnologia.hu\/index.php\/wp-json\/wp\/v2\/pages\/26\/revisions\/278"}],"wp:attachment":[{"href":"https:\/\/greentechnologia.hu\/index.php\/wp-json\/wp\/v2\/media?parent=26"}],"curies":[{"name":"wp","href":"https:\/\/api.w.org\/{rel}","templated":true}]}}